t of d?
1
Suppose 4*f = -2*r + 95842 + 18566, -5*r + 4*f + 286146 = 0. What is the ten thousands digit of r?
5
Let g = 2951 + 2093. What is the tens digit of g?
4
Suppose 1790 = 3*a - 4*y - 1113, 5*y + 2908 = 3*a. Let x = -181 + a. What is the tens digit of x?
8
Let t = 23435 - -18068. What is the units digit of 6/15 + t/55?
5
Let k(a) = 18*a + 38. Let d be k(-4). Suppose 85 = -2*r + 3*r. Let s = r + d. What is the units digit of s?
1
Let g = -47 - -55. Suppose -g = -25*w + 24*w. Suppose -980 = -w*q + 940. What is the units digit of q?
0
Let r(n) = 929*n + 729. What is the units digit of r(13)?
6
Let l be ((-36)/24)/((-2)/12). Suppose 5*u = -4*j + 2270, -l*j + 10*j - 572 = u. What is the tens digit of j?
7
Suppose -50253 = -50*p + 64947. What is the tens digit of p?
0
Suppose 6*n = 53 + 1. Suppose 7*i = n*i - 576. Let z = i + -154. What is the tens digit of z?
3
Suppose -158*m + 3875329 = 907615. What is the units digit of m?
3
What is the units digit of (-86)/(-26) - 3 - 244707120/(-5382)?
8
Suppose -8 = t + 16. Let u be 3 + -4 - (1 - t/(-4)). Suppose -4*m - u*x + 224 = 0, -m + 2*x - 39 + 101 = 0. What is the tens digit of m?
5
Suppose 0 = -3*i - 4*f + 274, -3*i + 273 = -7*f + 10*f. Suppose 5*c + 6*o - 2*o = 105, 5*c - i = -o. Suppose -1152 = 11*m - c*m. What is the units digit of m?
2
Let p(q) be the second derivative of 12*q + 1/6*q**4 + 1/2*q**3 + 2 - 17/2*q**2. What is the tens digit of p(-9)?
1
Let i = 65 + -56. What is the units digit of i/(108/(-32))*-78?
8
Let o be (540/35)/((-20)/(-70)). What is the hundreds digit of o/(6*5/225)?
4
Suppose 6*b + 379 = 157. Suppose 11*w - w = -500. Let m = b - w. What is the tens digit of m?
1
Suppose -5*n = 5*h + 8325, 4*n - 4*h = h - 6651. Let p = n - -2800. What is the hundreds digit of p?
1
Let u be (2 - 3)*(-4 - 16). What is the tens digit of 1 + u*37/2?
7
What is the hundreds digit of (42/12 - 3/3)*2660532/190?
0
Suppose 3*s + 9 = 0, 17*o + 6945 = 19*o + 5*s. What is the units digit of o?
0
Let a(t) = t**3 - 32*t**2 + 59*t + 38. Let d be a(30). Suppose -14*n - d*n = -2926. What is the hundreds digit of n?
1
Let g(t) = -97*t**3 + 3*t**2 + 3*t + 1. Let w be g(-1). Suppose 0 = 4*f - 2230 + w. What is the tens digit of f?
3
Let j(g) = -9*g + 69 + 85*g**2 - 5*g - 83*g**2. What is the units digit of j(23)?
5
Let v(i) = 4863*i - 7805. What is the tens digit of v(7)?
3
Let k(g) = -g**2 + g + 1. Let y(p) = -171*p**3 - 4*p**2 + 4*p - 2. Let q(b) = -6*k(b) + y(b). What is the tens digit of q(-2)?
7
Suppose -20 = -5*y - 5*j, 0*j = -2*y + j + 17. Suppose y*s + 126 = 2814. What is the hundreds digit of s?
3
Let n(f) = 85*f**2 + 25*f + 103. What is the units digit of n(-4)?
3
Suppose -d = o - 5, -2*o - 5*d = o - 17. Suppose 1194 = 3*c - o*p, 5*c + 684 = -4*p + 2674. What is the hundreds digit of c?
3
Let z = 378 - -585. Let v = 75 + z. What is the tens digit of v?
3
Let z(i) = -833*i**2. Let r be z(1). Let u = 1176 + r. Suppose 0*h = -3*h + 3*s + 264, -u = -4*h + s. What is the tens digit of h?
8
Let p(v) = 2*v**2 - 11*v - 15. Let z be p(7). Suppose 11 = r - z*l + 7*l, 0 = l. Suppose 6*b - r*b + 390 = 0. What is the units digit of b?
8
What is the ten thousands digit of -4 + (-16)/((-224)/215166)?
1
Let r(x) = 32*x**2 - 62*x + 91. What is the units digit of r(18)?
3
Let q(f) = 32*f**2 - 2*f. Let p be q(-1). Suppose 29*c + 1795 = p*c. What is the tens digit of c?
5
What is the units digit of (35386/1)/(240/(-160)*8/(-6))?
3
Let g = 12 + -10. Let l be 264/110 - g/5. Suppose -l*r + 333 = -5*a, 2*r - 98 = a + 231. What is the hundreds digit of r?
1
Suppose 59*s - 115 = 36*s. What is the hundreds digit of (-1)/((-2)/9640*s)?
9
Suppose 2*f - 21629 = n + 56694, 4*f + 5*n = 156639. What is the hundreds digit of f?
1
Let o = 37050 - 21429. What is the hundreds digit of o?
6
Let i = 1931 - 1826. Let w = 5 + 0. Suppose 3*t = o + i, -3*t + 99 = -w*o + 2*o. What is the tens digit of t?
3
Let d(f) = -f + 14. Let k be d(10). Suppose -4*i - a + 243 = 95, -k*i = -4*a - 148. Let z = 40 + i. What is the units digit of z?
7
What is the thousands digit of (-266368)/(-16) - (2 - (-5 - -7))?
6
Let y = 5197 - 2502. Suppose -5*q - y = -8*x + 3*x, -3*x = 3*q - 1623. What is the tens digit of x?
4
Let d(z) = z**2 + 16*z + 30. Let k be d(-14). Let j(u) = 12*u**k + 4 - u**3 + 10*u**2 - 21*u + 6 + 1. What is the tens digit of j(21)?
1
Suppose 23*h + 19728 = 41*h. Let v = h - 147. What is the units digit of v?
9
Let m be (18/15)/((-42)/(-2240)). What is the hundreds digit of (-12 + 6 + m)/((-2)/(-16))?
4
Suppose 5*y + 0*y - 1347 = 3*b, 3*b + 5*y = -1317. Let u = b - -945. What is the tens digit of u?
0
Let t(h) be the second derivative of 6*h**3 + 393*h**2/2 - 12*h - 5. What is the hundreds digit of t(6)?
6
Let q be 828/15*(-2 - (5 + -2)). What is the tens digit of (-12)/(-12) + 1 + q/(-2)?
4
Let y be -2 - (4/(-8))/(1/12). Suppose o - d + 5 = 0, -d + 15 = y*o + 2*d. Suppose -176 = -3*v - 2*m, o*v + 228 = 4*v + 4*m. What is the units digit of v?
2
Suppose -2*v + u + u - 88 = 0, 2*v = 5*u - 103. Let d be v/((-5)/(-10) + 1). Let l = d - -55. What is the tens digit of l?
2
Let l be (-1)/1 - (-320)/5. Let z = l + -59. Suppose -2*d = z*d - 354. What is the tens digit of d?
5
What is the ten thousands digit of ((-4159)/(-4))/((-613)/(-22068))?
3
Let h = 2775 - 1494. What is the thousands digit of h?
1
Let o(r) = 3*r + 3. Let g be o(-1). Suppose -3*f = 2*v - 101, g*v + 2 = 2*v. What is the tens digit of f + (-4)/((-16)/4)?
3
Suppose 12 = -3*c, -4*a + 9*c - 5*c + 21312 = 0. What is the hundreds digit of a?
3
Suppose -v - 3 = 0, -s - 4*v + 8759 = -4103. What is the units digit of s?
4
What is the tens digit of (9 - 3)*(-339867)/(-198)?
9
Suppose 6*i - 7645 + 427 = 0. Let y = 1801 - i. What is the hundreds digit of y?
5
Let m be (-6)/(9/((-540)/8)). Let q = m - 47. What is the tens digit of q*((-7)/56 + 582/(-16))?
7
Suppose 0 = -7*m + 6*m - 2*z - 8, 3*m = -2*z - 8. Suppose x + 5*l - 40 = m, -16*x + 94 = -13*x + 2*l. What is the tens digit of x?
3
Let f(k) = -6*k - 4. Let m be f(-2). Suppose 0 = -m*b - 21 - 187. Let g = b - -49. What is the units digit of g?
3
Let d = 17244 + -5681. What is the units digit of d?
3
Suppose 5*k = 2*k - 2*a - 53, 0 = 5*k - 2*a + 67. Let t(w) = w**2 + 5*w - 14. Let i be t(k). Suppose -128 = -3*z + i. What is the tens digit of z?
8
Suppose -2*v = -702*d + 707*d - 131858, 0 = -4*v - d + 263662. What is the ten thousands digit of v?
6
Suppose 16*g + 158*g + 21359 = 142985. What is the units digit of g?
9
Suppose -3*m = z - 20915, -27900 = -4*m - 0*m - 4*z. What is the tens digit of m?
7
Let q be (-26)/(-16)*2 - (-21)/(-84). Let j be (-459)/(-18)*2/q. Suppose -89 = -2*f + j. What is the units digit of f?
3
Suppose 0 = -n + 3*i + 3840 + 1983, -5*n + i + 29129 = 0. What is the hundreds digit of n?
8
Let u(h) = 121*h**2 + 44*h + 112. What is the tens digit of u(-3)?
6
Suppose -39 + 147 = 6*s. Let u = -18 + s. What is the units digit of ((-22 + u)/(-2))/(3/27)?
9
Let t(s) = 2*s**3 + 32*s**2 - 28. Let o be t(-16). What is the units digit of (o/35)/(4/(-1760))?
2
Suppose 16*p = -p - 163183 + 596564. What is the units digit of p?
3
Suppose 7*j - 3 + 339 = 0. Let l be (j/20 - -3) + (-2709)/15. What is the tens digit of ((-123)/(-4))/((-27)/l)?
0
Let v = 48 + -44. Suppose -v*w + 349 = 61. Suppose -w = -0*y - 9*y. What is the units digit of y?
8
Let d be 680/85*(1 - 0). Let j(r) = 11*r**2 + 37*r - 4. What is the units digit of j(d)?
6
Let d(b) = -b. Let x(a) = 26*a + 13. Let s(k) = -6*d(k) - x(k). Suppose 0 = -4*w - 24, 5*y = 7*w - 2*w - 20. What is the hundreds digit of s(y)?
1
Let o be 3/(-4 + 1) + -405. What is the hundreds digit of (3 - o)/((-4)/(-4))?
4
Let o(j) = 6*j**2 + 51*j + 23. Let i be o(-7). What is the thousands digit of ((-768)/i)/8*420?
1
Let r(a) = -2*a**2 + 42*a + 55. Let m be r(17). Let w = 70 + -173. Let s = w + m. What is the tens digit of s?
8
Let h(x) = 20*x - 119. Let b be h(7). Suppose -k + 18*g - b*g = -285, -592 = -2*k + 5*g. What is the units digit of k?
1
Suppose r - 4*m - 1067 = 1902, -3*r + 8982 = 3*m. Suppose 4*f = 3*n - 5*n + 2986, -4*f = n - r. What is the tens digit of f?
4
Let m(f) = -3327*f - 7096. What is the ten thousands digit of m(-8)?
1
Suppose 5*r - x - 11 = 0, 4*r + 6 = 5*x + 19. Suppose